4) - 55/(-44))*51. Let y = 280 + s. Let w(j) = -j**2 - 9*j - 4. Calculate w(y).
-4
Let r(t) = -7*t - 132. Let v be r(-26). Suppose -50 + v = 9*w. Let k(x) = x - 3. Give k(w).
-3
Suppose 4*s - 34 = 3*v, -1 = 2*s + 3*v - 9. Let c be 11 - (-11)/(110/(-90)). Let a(q) = -s + 18 - 12 - 2 + c*q**2. Determine a(-3).
15
Let v(w) = -61*w + 2. Let y(i) = 50*i - 2. Let x(r) = -9*v(r) - 11*y(r). Give x(-8).
12
Let k = 865 - 863. Let w(y) = 6781*y - k*y**2 + y**3 - 5*y**2 + 5 - 6776*y. What is w(6)?
-1
Let b(t) = 1803 + 107*t**2 - 109*t**2 - 1661 - 49*t. Determine b(-27).
7
Let s(v) be the third derivative of -v**8/20160 + v**5/15 + v**3/6 + 19*v**2. Let j(n) be the third derivative of s(n). Give j(1).
-1
Suppose -1608 = -0*i - 8*i. Let t = i + -197. Let p(b) = 2*b - 6. Calculate p(t).
2
Suppose -15*y = -19*y - 44. Let w(q) = -13*q**2 + 2*q - 16. Let p(g) = 24*g**2 - 2*g + 33. Let t(n) = y*w(n) - 6*p(n). Determine t(-7).
-1
Suppose -960 = -1430*g + 1310*g. Let h(s) = -s**3 + 7*s**2 + 4*s + 34. Calculate h(g).
2
Let f(t) = 2*t**2 - 20*t + 6. Let n be f(10). Let y(u) = -u**2 + 2 + 8*u + n*u - 5*u. Suppose -3*m - 69 = -4*d - 20, m = 3*d - 33. Calculate y(d).
-8
Let z(s) = -s - 6. Suppose 2*c + 6*a - 2*a - 560 = 0, a = -5*c + 1400. Let r = c + -286. Give z(r).
0
Let c = 6 + -14. Let n(v) = 13*v + 2 - 5*v + 0 - 6571628*v**2 + 6571629*v**2. Calculate n(c).
2
Let s(l) = l + l - 3*l. Suppose -880 = -42*k - 292. Let v be (18 - k) + (-18)/3. Calculate s(v).
2
Let j(r) = -r**3 - 2*r**2 + 2*r - 2. Let q = -1782 - -3316. Suppose -16*n + 3*n + q = 0. Let i = n + -121. Give j(i).
1
Let s(k) = 9*k + 14. Let g = -1955 - -1948. Calculate s(g).
-49
Let q = -503 - -139. Let c = q + 366. Let v(p) = -2*p**2 - 2*p + 2. What is v(c)?
-10
Let w(p) be the third derivative of p**5/60 + p**4/6 - 7*p**3/6 + 8*p**2 + 7*p. Suppose 3*t + 42 = -3*t. Determine w(t).
14
Let m(r) = r**3 + 5*r**2 - 9*r - 44. Suppose -400*q - 108 = -373*q. What is m(q)?
8
Let t(z) = 6*z + 3. Let a(p) = 7*p + 3. Let w(c) = -5*a(c) + 6*t(c). Let v be ((-15)/(-9))/(16/(-48))*(-9)/(-5). Determine w(v).
-6
Let c(r) = -2*r - 1. Let p(u) = 11*u - 2. Let q(i) = -3*i + 53. Let z be q(-8). Let d = z - 76. Let l(b) = d*p(b) + 6*c(b). What is l(-10)?
2
Let c = 29 + -26. Let i(v) = -v**3 - 9*v**2 - 3*v + 1. Let h = 14 + -19. Let b(n) = -2*n**3 - 17*n**2 - 7*n + 3. Let g(a) = c*b(a) + h*i(a). What is g(-5)?
9
Let i(a) = 2*a**2 - 20*a + 38. Let m be i(7). Let j(l) = -5*l - 2. Determine j(m).
18
Let p(u) = u**2 - 14*u - 4. Let j = -178 + 161. Let w(l) = -3*l**2 + 41*l + 13. Let n(k) = j*p(k) - 6*w(k). What is n(10)?
10
Suppose 70*o - 69*o + 5*m - 23 = 0, 4*o - m = 50. Let x(a) = -a**2 + 12*a + 10. Give x(o).
-3
Let u = -67 - -61. Let l(d) = 4*d**3 + 24*d**2 + d + 1. Let g be l(u). Let b(z) = -3*z + 15*z**2 - 2*z**2 + z**3 + 4 - 9*z**2. Give b(g).
-6
Let z(t) be the first derivative of t**4/2 - 7*t**3/3 - 13*t**2/2 + 36*t - 8659. Determine z(4).
0
Let d be 10/4 - (-5 - 99/(-18)). Let b(x) = -22*x**2 + 23*x**d + 8*x**3 - 7*x**3 + x + 0*x. Calculate b(-1).
-1
Let v(i) be the third derivative of -i**6/360 + 11*i**5/120 - i**4/2 + 85*i**3/6 - 101*i**2. Let a(z) be the first derivative of v(z). Give a(9).
6
Let i = 652 - 655. Let g(x) = -2*x**3 - 9*x**2 - 9*x - 6. Let w be g(i). Let m(q) = -q**2 + q + 2. Give m(w).
-40
Let h(f) = -137359 - 12*f**2 - 21*f - f**3 + 68671 + 68675. Determine h(-9).
-67
Suppose -368 + 374 = 239*g - 1667. Let j(h) be the third derivative of h**6/120 - 7*h**5/60 + h**4/8 - 2*h**3/3 - 2*h**2. What is j(g)?
17
Let b(q) = -q**3 + 12*q**2 + q - 6. Let i(m) = -m**3 + 6*m**2 - 2*m - 12. Let u be i(5). Suppose 3*z = -j + 37, -u*z + 2*z + 16 = 4*j. What is b(z)?
6
Let p(v) = v**2 - 11*v + 17. Let z be 0 + 3 - ((-204)/36 - (-64)/24). Calculate p(z).
-13
Let f(b) = -2*b**3 - 95*b**2 - 50*b - 137. Let t be f(-47). Let k(r) = 23*r - 9. Determine k(t).
83
Let q = 21 + -38. Let g = q + 20. Suppose -g*i - 3*h + 33 = 0, -i - 2*h = 2*h - 26. Let z(u) = u**2 - 4*u + 2. What is z(i)?
14
Let c(t) be the first derivative of -9*t - 46 - 2/3*t**3 - 7*t**2. Give c(-7).
-9
Let u(n) = -n**2 - 7*n + 5. Suppose 0 = 63*w + 89*w. Give u(w).
5
Let k(u) = -5*u**2 - 11*u - 9. Let z(y) be the third derivative of y**5/60 - y**3/6 + y**2. Let x = -1663 + 1659. Let b(g) = x*z(g) - k(g). Give b(-9).
-5
Let u(x) = 5250 - 3*x - 2623 - 2624 + 8*x. What is u(-4)?
-17
Let f(n) be the second derivative of -1/20*n**5 + 0*n**3 + 31*n + 5/12*n**4 - 1/2*n**2 + 0. Give f(4).
15
Suppose 3*b - 9 = 0, 3*d + 8*b = 3*b + 78. Suppose -d + 87 = -6*z. Let c be 2 + 1*(z - -4). Let j(g) = g**3 + 4*g**2 - 7*g - 2. Give j(c).
8
Let m(n) be the third derivative of -5*n**4/24 + 15*n**2. Suppose 0 = a + 10 - 24. Suppose 4*v + 0*f = -2*f - a, 0 = -2*v + 5*f + 23. Calculate m(v).
5
Suppose 0 = u - 1 + 6, -3*x - 33 = 3*u. Let b(y) be the first derivative of y**2 + 6*y + 538. Determine b(x).
-6
Let a(d) = -65*d. Let p(h) = 10*h - 1. Let m(f) = -a(f) - 6*p(f). What is m(-3)?
-9
Suppose 0 = z + 4*w - 21, 3*w - 4 - 28 = -4*z. Suppose 0*k = -2*k - 8, z*d - 3*k = 137. Let x be d/(-20)*2/5*2. Let m(j) = -5*j + 1. Calculate m(x).
6
Let j(o) = -9*o + 13*o + 1 - 8*o - 2. Let i = 11 + -35. Let h be ((-16)/i)/((-4)/6). Determine j(h).
3
Let n be (4 - (-3)/(-3) - 3)/(-2). Let t(k) = -1 + 4 + 5*k - 5 + n - k**2. Suppose -z = -3*b + 2*z + 30, -b = z. Determine t(b).
-2
Let v(c) be the third derivative of 0 + 166*c**2 + 3/2*c**3 + 0*c - 1/12*c**4. What is v(7)?
-5
Let t(i) = 17*i - 57. Let z(r) = 16*r - 73. Let w(g) = -4*t(g) + 3*z(g). Give w(-3).
69
Let d(o) be the second derivative of 1/10*o**5 - 1/6*o**4 + 2/3*o**3 - 3/2*o**2 + 6*o + 0. Let i = -25 - -27. What is d(i)?
13
Let f(d) = 52*d + 368. Let w(j) = j**3 + 4*j**2 + 41*j + 157. Let s be w(-4). Determine f(s).
4
Let l = -114 + 444. Let g = -335 + l. Let b(u) = -u**2 - 5*u - 10. Give b(g).
-10
Let t(j) = 9 + 11*j - 11 - 1. Let f(p) = 4*p - 1. Let k(u) = 8*f(u) - 3*t(u). Let w be (-1 + 7)*(-4)/12. Give k(w).
3
Let x be (-1)/((104/(-1430))/((-12)/5)). Let y(f) = f + 62. Calculate y(x).
29
Suppose -2*v + 43*x = 40*x + 11, -3*v = -4*x + 17. Let q(r) be the second derivative of -r**5/20 - r**4/2 + 5*r**3/6 + r**2 - 7*r. What is q(v)?
16
Suppose -44 = p - 47. Let q(o) = 1 - 38*o + 4*o**p + 34*o - 2*o**3. Let d(t) = -t**3 + t**2 + 3*t - 1. Let w(c) = 3*d(c) + 2*q(c). Give w(-2).
1
Let t(u) be the second derivative of u**5/20 + 13*u**4/12 + u**3/2 - 13*u**2/2 - 637*u - 1. Give t(-13).
-52
Let r(i) be the third derivative of 0*i**4 + 0*i - 1/6*i**5 - 155*i**2 - 1/120*i**6 + 0 + 5/6*i**3. What is r(-10)?
5
Let a be (2/(-4))/((-2)/32). Let o(f) be the second derivative of f**4/6 - 3*f**3 + 6*f**2 + 2*f + 96872. Give o(a).
-4
Let c(h) be the third derivative of 1/6*h**4 + 0*h + 2/3*h**3 + 0 - 27*h**2. Determine c(-4).
-12
Let c(t) be the third derivative of -t**6/360 - t**5/120 + 3*t**4/4 - 191*t**3/6 - 109*t**2. Let m(b) be the first derivative of c(b). What is m(0)?
18
Let g(c) = -10 - 11 - 2*c - 6*c - 20 - 8. Determine g(-7).
7
Suppose 11*l = -33*l + 220. Let y(o) = -2*o**2 + 7*o. Determine y(l).
-15
Let t(c) = -c**3 + 6*c**2 + 12*c - 13. Suppose -366*s + 358*s - 48 = 0. Let y(h) = 3*h**3 - 17*h**2 - 34*h + 38. Let v(b) = s*y(b) - 17*t(b). Calculate v(0).
-7
Let b(i) = -i**2 + 6*i - 6. Suppose 5*z + 4*q + q - 40 = 0, 2*z + 4*q = 22. Determine b(z).
-1
Let k = -16 - -4. Let x = 15 + k. Suppose 2*s = 4*u - 0*u + 10, -x*u - 4*s = 24. Let g(z) = -z**3 - 2*z**2 + 2*z + 1. Calculate g(u).
25
Let r(d) = 3*d + 5. Let q(t) = 355*t**3 + 8*t**2 + 10*t + 21 - 6 - 354*t**3. Let u be q(-7). Determine r(u).
-13
Suppose -5 = -4*d + 5*d. Let x be (-23)/(-5) - (-24)/60. Let j(s) = 19*s**2 - 38*s**2 + 2 + x*s + 20*s**2. What is j(d)?
2
Let c(t) = 6*t**2 + 21*t - 183. Let i(q) = -7*q**2 - 23*q + 175. Let u(z) = -6*c(z) - 5*i(z). Determine u(10).
13
Suppose -4*r + r + 5*k = 14, 0 = 5*r - 5*k + 10. Let q(a) = -10*a + 25. Let g = -45 + 56. Let l(o) = 2*o - 5. Let d(v) = g*l(v) + r*q(v). Calculate d(4).
3
Let t(u) = -8*u**3 - 35*u**2 - 24*u - 10. Let n(w) = -3*w**3 - 12*w**2 - 7*w - 3. Let k(g) = 11*n(g) - 4*t(g). What is k(10)?
-3
Let m be (8/(-6))/(-2)*-6. Let j(g) = 77*g + 2. Let s be j(0). Let c(b) = 2*b**s - 1 + 6*b + 6 - 2*b + 2*b + 0*b. Give c(m).
13
L